{"id":2,"date":"2022-06-25T19:40:30","date_gmt":"2022-06-25T17:40:30","guid":{"rendered":"http:\/\/laure-hfleuriste.fr\/?page_id=2"},"modified":"2022-10-01T17:30:12","modified_gmt":"2022-10-01T15:30:12","slug":"page-d-exemple","status":"publish","type":"page","link":"https:\/\/laure-hfleuriste.fr\/?page_id=2","title":{"rendered":"Deuils"},"content":{"rendered":"\n<p>Nous pouvons r\u00e9aliser toutes cr\u00e9ations florales, livraison possible fun\u00e9rarium, \u00e9glise ou cimeti\u00e8re<\/p>\n\n\n\n<p><\/p>\n\n\n\n<figure class=\"wp-block-image size-large\"><img loading=\"lazy\" decoding=\"async\" width=\"1024\" height=\"768\" src=\"http:\/\/laure-hfleuriste.fr\/wp-content\/uploads\/2022\/10\/deuil-001-1-1024x768.jpg\" alt=\"\" class=\"wp-image-124\" srcset=\"https:\/\/laure-hfleuriste.fr\/wp-content\/uploads\/2022\/10\/deuil-001-1-1024x768.jpg 1024w, https:\/\/laure-hfleuriste.fr\/wp-content\/uploads\/2022\/10\/deuil-001-1-300x225.jpg 300w, https:\/\/laure-hfleuriste.fr\/wp-content\/uploads\/2022\/10\/deuil-001-1-768x576.jpg 768w, https:\/\/laure-hfleuriste.fr\/wp-content\/uploads\/2022\/10\/deuil-001-1-1536x1152.jpg 1536w, https:\/\/laure-hfleuriste.fr\/wp-content\/uploads\/2022\/10\/deuil-001-1-2048x1536.jpg 2048w, https:\/\/laure-hfleuriste.fr\/wp-content\/uploads\/2022\/10\/deuil-001-1-2000x1500.jpg 2000w\" sizes=\"auto, (max-width: 1024px) 100vw, 1024px\" \/><\/figure>\n\n\n\n<figure class=\"wp-block-image size-large\"><img loading=\"lazy\" decoding=\"async\" width=\"767\" height=\"1024\" src=\"http:\/\/laure-hfleuriste.fr\/wp-content\/uploads\/2022\/10\/deuil-002-767x1024.jpg\" alt=\"\" class=\"wp-image-123\" srcset=\"https:\/\/laure-hfleuriste.fr\/wp-content\/uploads\/2022\/10\/deuil-002-767x1024.jpg 767w, https:\/\/laure-hfleuriste.fr\/wp-content\/uploads\/2022\/10\/deuil-002-225x300.jpg 225w, https:\/\/laure-hfleuriste.fr\/wp-content\/uploads\/2022\/10\/deuil-002-768x1026.jpg 768w, https:\/\/laure-hfleuriste.fr\/wp-content\/uploads\/2022\/10\/deuil-002.jpg 1078w\" sizes=\"auto, (max-width: 767px) 100vw, 767px\" \/><\/figure>\n\n\n\n<p><\/p>\n\n\n\n<figure class=\"wp-block-image size-large\"><img loading=\"lazy\" decoding=\"async\" width=\"768\" height=\"1024\" src=\"http:\/\/laure-hfleuriste.fr\/wp-content\/uploads\/2022\/10\/deuil-006-768x1024.jpg\" alt=\"\" class=\"wp-image-127\" srcset=\"https:\/\/laure-hfleuriste.fr\/wp-content\/uploads\/2022\/10\/deuil-006-768x1024.jpg 768w, https:\/\/laure-hfleuriste.fr\/wp-content\/uploads\/2022\/10\/deuil-006-225x300.jpg 225w, https:\/\/laure-hfleuriste.fr\/wp-content\/uploads\/2022\/10\/deuil-006-1152x1536.jpg 1152w, https:\/\/laure-hfleuriste.fr\/wp-content\/uploads\/2022\/10\/deuil-006-1536x2048.jpg 1536w, https:\/\/laure-hfleuriste.fr\/wp-content\/uploads\/2022\/10\/deuil-006-2000x2667.jpg 2000w, https:\/\/laure-hfleuriste.fr\/wp-content\/uploads\/2022\/10\/deuil-006-scaled.jpg 1920w\" sizes=\"auto, (max-width: 768px) 100vw, 768px\" \/><\/figure>\n\n\n\n<figure class=\"wp-block-image size-large\"><img loading=\"lazy\" decoding=\"async\" width=\"768\" height=\"1024\" src=\"http:\/\/laure-hfleuriste.fr\/wp-content\/uploads\/2022\/10\/deuil-004-768x1024.jpg\" alt=\"\" class=\"wp-image-126\" srcset=\"https:\/\/laure-hfleuriste.fr\/wp-content\/uploads\/2022\/10\/deuil-004-768x1024.jpg 768w, https:\/\/laure-hfleuriste.fr\/wp-content\/uploads\/2022\/10\/deuil-004-225x300.jpg 225w, https:\/\/laure-hfleuriste.fr\/wp-content\/uploads\/2022\/10\/deuil-004-1152x1536.jpg 1152w, https:\/\/laure-hfleuriste.fr\/wp-content\/uploads\/2022\/10\/deuil-004-1536x2048.jpg 1536w, https:\/\/laure-hfleuriste.fr\/wp-content\/uploads\/2022\/10\/deuil-004-2000x2667.jpg 2000w, https:\/\/laure-hfleuriste.fr\/wp-content\/uploads\/2022\/10\/deuil-004-scaled.jpg 1920w\" sizes=\"auto, (max-width: 768px) 100vw, 768px\" \/><\/figure>\n\n\n\n<figure class=\"wp-block-image size-large\"><img loading=\"lazy\" decoding=\"async\" width=\"768\" height=\"1024\" src=\"http:\/\/laure-hfleuriste.fr\/wp-content\/uploads\/2022\/10\/deuil-003-768x1024.jpg\" alt=\"\" class=\"wp-image-125\" srcset=\"https:\/\/laure-hfleuriste.fr\/wp-content\/uploads\/2022\/10\/deuil-003-768x1024.jpg 768w, https:\/\/laure-hfleuriste.fr\/wp-content\/uploads\/2022\/10\/deuil-003-225x300.jpg 225w, https:\/\/laure-hfleuriste.fr\/wp-content\/uploads\/2022\/10\/deuil-003-1152x1536.jpg 1152w, https:\/\/laure-hfleuriste.fr\/wp-content\/uploads\/2022\/10\/deuil-003-1536x2048.jpg 1536w, https:\/\/laure-hfleuriste.fr\/wp-content\/uploads\/2022\/10\/deuil-003-2000x2667.jpg 2000w, https:\/\/laure-hfleuriste.fr\/wp-content\/uploads\/2022\/10\/deuil-003-scaled.jpg 1920w\" sizes=\"auto, (max-width: 768px) 100vw, 768px\" \/><\/figure>\n\n\n\n<p> <\/p>\n","protected":false},"excerpt":{"rendered":"<p>Nous pouvons r\u00e9aliser toutes cr\u00e9ations florales, livraison possible fun\u00e9rarium, \u00e9glise ou cimeti\u00e8re<\/p>\n","protected":false},"author":1,"featured_media":121,"parent":0,"menu_order":0,"comment_status":"closed","ping_status":"open","template":"","meta":{"footnotes":""},"class_list":["post-2","page","type-page","status-publish","has-post-thumbnail","hentry"],"_links":{"self":[{"href":"https:\/\/laure-hfleuriste.fr\/index.php?rest_route=\/wp\/v2\/pages\/2","targetHints":{"allow":["GET"]}}],"collection":[{"href":"https:\/\/laure-hfleuriste.fr\/index.php?rest_route=\/wp\/v2\/pages"}],"about":[{"href":"https:\/\/laure-hfleuriste.fr\/index.php?rest_route=\/wp\/v2\/types\/page"}],"author":[{"embeddable":true,"href":"https:\/\/laure-hfleuriste.fr\/index.php?rest_route=\/wp\/v2\/users\/1"}],"replies":[{"embeddable":true,"href":"https:\/\/laure-hfleuriste.fr\/index.php?rest_route=%2Fwp%2Fv2%2Fcomments&post=2"}],"version-history":[{"count":3,"href":"https:\/\/laure-hfleuriste.fr\/index.php?rest_route=\/wp\/v2\/pages\/2\/revisions"}],"predecessor-version":[{"id":150,"href":"https:\/\/laure-hfleuriste.fr\/index.php?rest_route=\/wp\/v2\/pages\/2\/revisions\/150"}],"wp:featuredmedia":[{"embeddable":true,"href":"https:\/\/laure-hfleuriste.fr\/index.php?rest_route=\/wp\/v2\/media\/121"}],"wp:attachment":[{"href":"https:\/\/laure-hfleuriste.fr\/index.php?rest_route=%2Fwp%2Fv2%2Fmedia&parent=2"}],"curies":[{"name":"wp","href":"https:\/\/api.w.org\/{rel}","templated":true}]}}